-12)*-10. Suppose 8*c + s = 1178. What is the hundreds digit of c?
1
Let l(z) = -2*z**3 - 30*z**2 + 9*z + 17. What is the tens digit of l(-16)?
8
Let q(u) = -7*u - 5. Suppose 5*r + 2 = -8. What is the units digit of q(r)?
9
Let z = 133 + -132. Let x(d) = -37*d - 2. Let k(q) = -74*q - 4. Let i(j) = 3*k(j) - 7*x(j). What is the tens digit of i(z)?
3
Let i(y) = -467 + 467 - 19*y. What is the units digit of i(-2)?
8
Suppose -2*s + 5708 = -2*p, 20*p - 23*p = 0. What is the hundreds digit of s?
8
Suppose 630 = -0*h + 3*h. Suppose -11*q - h = -14*q. What is the units digit of q?
0
Let s(o) = 100*o**2 + 2*o + 8. What is the hundreds digit of s(-4)?
6
Suppose 0 = 5*d, -d - d = 2*n. Suppose s - 5*f - 66 = 0, 54 = s - n*f - 2*f. What is the units digit of s?
6
What is the hundreds digit of ((-48)/32)/(6/(-6064))?
5
Suppose -86*w = -80*w - 3684. What is the tens digit of w?
1
Let c(y) = 34*y**3 - y. Let g be (-12)/(-16)*((-14)/(-6) - 1). What is the units digit of c(g)?
3
Suppose -5*b = -4*u + 2686 + 3522, u = 5*b + 1567. What is the tens digit of u?
4
Let t(p) = p**2 + p. Let l(q) = 6*q**2 + q - 5. Let g(s) = -l(s) + 2*t(s). Let k(v) = -1. Let d(x) = -g(x) - 3*k(x). What is the units digit of d(2)?
2
Let p(h) = 2*h**2 - 13*h + 9. Suppose -10*u + 20 = -8*u. What is the units digit of p(u)?
9
Let i = 1 - 1. Suppose i = c - 4*r - 20, 2*r + 10 - 54 = -c. What is the units digit of c?
6
Let c = -30 - 338. What is the tens digit of (c/(-20))/((-12)/(-5) - 2)?
4
Suppose 23156 = 24*g - 10*g. What is the tens digit of g?
5
What is the units digit of (8/5)/((-14)/(-24605))?
2
Let d be 2/(-4) + 50/20. Suppose -4*i = d*m - 350, -157 = -2*i + 6*m - m. What is the tens digit of i?
8
Let l(n) = 54*n**2 + 25*n + 241. What is the hundreds digit of l(-7)?
7
Let s = -7 + 9. Suppose 290 = 3*k + s*k. Suppose -3*o + 2*h + k = 0, 0 = -2*o + 3*o + 5*h - 42. What is the units digit of o?
2
Suppose 3*m = -j + 59, 3*j - 171 = m - 4*m. Let w = 131 - j. What is the tens digit of w?
7
Let s = -19 + 10. Let m be 2/s - 11/(-9). What is the tens digit of 132*m*(-2)/(-4)?
6
Suppose 0*z - 19*z = -39900. What is the thousands digit of z?
2
Let q be (-34)/(-16) + (-6)/48. Suppose -j + 5*v - 21 = -q*j, -5*j + 5*v = -225. Suppose -j = -6*i + 7. What is the units digit of i?
8
Let q(w) = -162*w - 134. What is the tens digit of q(-5)?
7
Let j(r) = 4*r + 21 - 3*r - 4*r. What is the units digit of j(-9)?
8
Let w = 30 - 26. Suppose -2*i + 246 = w*i. What is the units digit of i?
1
Let b = -6 - -70. What is the tens digit of b?
6
Let x(o) = 112*o + 70. What is the hundreds digit of x(8)?
9
Let n be (-42)/(-105) + 4/(-10). Suppose h + 2*h - 144 = n. What is the tens digit of h?
4
What is the units digit of 4/(-11 + (-118125)/(-10737))?
6
Suppose -s - 4*r + 1066 = 0, 0 = -112*r + 117*r. What is the hundreds digit of s?
0
What is the hundreds digit of 4/8*710 - 5 - 2?
3
Let l(x) = 6*x - 2. Let k be l(3). Let q = 20 + 18. Let h = q - k. What is the units digit of h?
2
What is the hundreds digit of 8365/(-14)*14/(-7)?
1
Let x(c) = -c - 4. Let z be x(-2). Let u(t) = -t - 3. Let l be u(z). What is the tens digit of l - (-1 + -2 + -19)?
2
Suppose 0 = -22*z + 17*z + 135. Suppose -37 - z = -f. What is the tens digit of f?
6
What is the units digit of (459/6)/((-9)/(-108))?
8
Suppose 1997 = 25*q - 12703. What is the units digit of q?
8
Let u = 652 - 414. What is the hundreds digit of u?
2
Let m(l) be the third derivative of -l**6/120 - l**5/15 - l**4/12 - l**3 - l**2. What is the units digit of m(-4)?
2
Suppose -38*z - 10 = -40*z. What is the tens digit of 730/z + (-1)/(-1)?
4
Let t be ((-6)/12*86)/(1/(-3)). Let k = t - 73. What is the units digit of k?
6
Let m(q) = 2*q**2 + 14*q - 28. Suppose -2 = 2*f, -5*x + 19 = f + 85. What is the tens digit of m(x)?
2
Suppose -15*x + 24 = -17*x. Suppose 0*l + 5*l = 65. Let y = l + x. What is the units digit of y?
1
Suppose -b - 2 - 1 = 0. What is the tens digit of -6*4/(-4) + b - -33?
3
Let z = 24 - 28. Let q be z - 3/3*2. What is the units digit of (3/q)/((-5)/130)?
3
What is the units digit of ((-284)/355)/((-2)/5970)?
8
Let w(j) = -j**2 - j + 107. Let n be w(0). What is the hundreds digit of n*(-4 + 3 - -2)?
1
What is the tens digit of ((-2718)/(-15))/((-12)/(-30))?
5
Suppose -5*u + 22 = 3*m, 0*u + 3*u = -5*m + 58. Let z = -14 + m. Suppose z*q - 5*q + 25 = 0, 0 = 5*s - 5*q - 80. What is the units digit of s?
1
Let m(h) = 3*h + 8. Let t be m(-1). Let b(s) = s**3 + 3*s - 8. What is the tens digit of b(t)?
3
Let i = -66 - -76. Suppose i*k = 7*k + 864. What is the units digit of k?
8
Let l = -705 + 1047. What is the units digit of 16/(-3)*l/(-12)?
2
Let s(q) = 3*q**2 + 4*q - 1. Let b be s(-6). Let z = -55 - -116. Suppose b = 2*v - k, 3*v - 62 = k + z. What is the tens digit of v?
4
Suppose -2428*h = -2441*h + 54678. What is the hundreds digit of h?
2
Let a(b) be the third derivative of b**5/30 - b**3/3 + 185*b**2. Let i(p) = -p**2 + 3*p + 7. Let f be i(5). What is the units digit of a(f)?
6
Let v(j) = 348*j**3 - 349*j**3 + 13*j + 0*j + 9*j**2 - 12. What is the units digit of v(10)?
8
Suppose -4*j + 3*t + 2*t = -17, t = j - 4. Suppose -3*o + n - 1 + 3 = 0, o = j*n + 6. Suppose o = -5*s - 0*s + 65. What is the units digit of s?
3
Let q = 476 - -462. What is the units digit of q?
8
Let y(x) be the second derivative of -x**5/60 - 3*x**4/8 + x**3 - 2*x**2 - x. Let j(l) be the first derivative of y(l). What is the units digit of j(-8)?
4
Let b(c) = -2*c - 16. Let q be b(-13). Suppose -18*f + q*f = -304. What is the tens digit of f?
3
What is the units digit of (1 - (-6)/(126/3871))*6?
2
Let y(c) = 0*c - c + 0*c + 43. What is the units digit of y(20)?
3
Suppose 0 = 4*w - 9*w + 30. What is the units digit of 15 + -6*(-2)/w?
7
Let c(a) be the second derivative of 1/20*a**5 + 2/3*a**4 - 3*a + 7/6*a**3 + 7/2*a**2 + 0. What is the units digit of c(-7)?
7
Let c be (2 + 34)*3/(-6). Let k = c + 28. What is the units digit of k/(-4)*24/(-10)?
6
Suppose 2*z = 28 + 266. Suppose z = 2*u + u. What is the tens digit of u?
4
Suppose 3*z - 19 = -5*n, -n - 2*z + 8 = -0*z. What is the hundreds digit of n*67 + (-8 - -10)?
1
Let b = -205 + 587. What is the hundreds digit of b?
3
Let f(k) = 0 + 3*k - 1 + 23 - 2. Let a be f(7). Suppose a + 43 = 2*t. What is the units digit of t?
2
What is the tens digit of ((-4)/(-8))/(3/(-6))*-417?
1
Let h(o) = -o + 32. Suppose -2*u = 10, 0*n + u = 3*n + 37. What is the units digit of h(n)?
6
Let y(k) = -94*k**3 - 2*k**2 + 3*k + 7. What is the units digit of y(-2)?
5
Suppose 0*x + 3*x - 21 = 0. Let w(f) = -f**3 + 12*f**2 - 17*f + 4. What is the units digit of w(x)?
0
Suppose 33*z = 53*z - 29300. What is the hundreds digit of z?
4
Let l(p) = 9*p + 115. What is the hundreds digit of l(10)?
2
Let n be (2/(-2))/(4/200). Let p be n/(1 - 3) - 2. Let v = p - 4. What is the units digit of v?
9
Suppose -4*j - 520 - 292 = 0. Suppose -3*c - 26 = 100. What is the units digit of j/c - 2/(-12)?
5
Suppose 9 = 2*p + p. Suppose -p*u - 63 = c + 2*c, -4*u - 12 = c. What is the units digit of ((-1)/(-3))/((-2)/c)?
4
Let m(c) = -c**3 + 3*c**2 + 6*c - 5. Suppose 5*y + 9 + 20 = 3*f, 36 = 4*f - 4*y. Suppose f = -0*d + 2*d. What is the units digit of m(d)?
3
Suppose -11*s = 25*s - 27144. What is the hundreds digit of s?
7
Let o(m) = -6*m - 9. Let n(x) = x**2 - x + 255. Let v be n(0). Let t be v/(-35) + 8/28. What is the units digit of o(t)?
3
Suppose 0 = -15*x + 5723 + 9292. Suppose -4*c = 7*c - x. What is the tens digit of c?
9
Let w(x) = 194*x - 241. What is the thousands digit of w(12)?
2
What is the tens digit of ((-4662)/(-27))/(2/(-6) - -1)?
5
Suppose 0 = -4*v - 4*w - 20, 2*w - w = -3*v - 17. Let z(c) = -2*c - 10. Let q be z(v). What is the tens digit of 123/q*8/12?
4
Let x be (-52)/(-4)*(-2)/(-2). Let v = x + -8. What is the units digit of (2/6)/(v/570)?
8
Suppose 0 = -j - 3*p + 579, 3*j - 5*p - 158 - 1565 = 0. What is the units digit of j?
6
Let b = -40 - -28. Let d = 18 + b. Suppose 4*w = 50 - d. What is the units digit of w?
1
Let o(g) = -g**2 - 7*g + 7. Let p be o(-7). What is the hundreds digit of 133/(-4)*(p + -11)?
1
Suppose 4*x - 3*x - 1 = 0. Suppose 2*n + 31 = x. Let t = 9 - n. What is the units digit of t?
4
Suppose -l + 92 = -0*s + 4*s, l = 4. Suppose -180 = -s*n + 17